{"id":89,"date":"2013-06-18T12:24:42","date_gmt":"2013-06-18T10:24:42","guid":{"rendered":"http:\/\/wihmo.de\/nanotech\/?page_id=89"},"modified":"2019-09-04T14:17:56","modified_gmt":"2019-09-04T12:17:56","slug":"partner-2","status":"publish","type":"page","link":"https:\/\/nanotech-nrw.de\/?page_id=89","title":{"rendered":"Mitglieder und Partner"},"content":{"rendered":"<p>Mitgliederversammlung des Nanotechnologie-Verbundes NRW am 13. April 2018<\/p>\n<p><a href=\"https:\/\/nanotech-nrw.de\/wp-content\/uploads\/2018\/12\/dsc03509.jpg\"><img loading=\"lazy\" decoding=\"async\" class=\"alignnone wp-image-443\" src=\"https:\/\/nanotech-nrw.de\/wp-content\/uploads\/2018\/12\/dsc03509-300x200.jpg\" alt=\"dsc03509\" width=\"569\" height=\"389\" \/><\/a><\/p>\n<p><span style=\"font-family: Arial; font-size: medium;\">Auf dem Foto sind von links nach rechts zu sehen:<\/span><br \/>\nProf. Klaus Kallis (TU-Dortmund),<br \/>\nDr. Evelyn Drabiniok (TU-Dortmund\/ FH-M\u00fcnster)<br \/>\nProf. J\u00f6rg Lindner (U. Paderborn)<br \/>\nDr. Bernd Burchard (ELMOS Semiconductor AG)<br \/>\nProf. Peter Gl\u00f6sek\u00f6tter (FH-M\u00fcnster)<br \/>\nDr. Cordula Zimmer (Ingenieur GmbH Schmidt &amp; Willmes)<br \/>\nProf. Andreas Wieck (U. Bochum)<\/p>\n<p><span style=\"font-family: Arial; font-size: medium;\">Gr\u00fcndungsversammlung des Nanotechnologie-Verbundes NRW am 14. M\u00e4rz 2001<\/span><\/p>\n<p><a href=\"https:\/\/nanotech-nrw.de\/wp-content\/uploads\/2013\/06\/nano.jpg\"><img loading=\"lazy\" decoding=\"async\" class=\"alignleft size-full wp-image-128\" src=\"https:\/\/nanotech-nrw.de\/wp-content\/uploads\/2013\/06\/nano.jpg\" alt=\"nano\" width=\"604\" height=\"437\" \/><\/a><\/p>\n<p><span style=\"font-family: Arial; font-size: medium;\">Auf dem Foto sind von links nach rechts zu sehen:<\/span><br \/>\n<a href=\"http:\/\/www.fernuni-hagen.de\/LGBE\/\"> Prof. Wolfgang Fahrner<\/a> (FU Hagen),<br \/>\n<a href=\"http:\/\/www.tu-chemnitz.de\/etit\/leb\/\"> Prof. John Horstmann<\/a> (TU Chemnitz),<br \/>\n<a href=\"http:\/\/www.uni-wuppertal.de\/FB13\/MST_Scheer\/Start.html\"> Prof. Hella-Christin Scheer<\/a> (U. Wuppertal),<br \/>\n<a href=\"http:\/\/www.ruhr-uni-bochum.de\/afp\/\"> Dr. J\u00f6rg Koch<\/a> (U. Bochum),<br \/>\n<a href=\"http:\/\/sensorik.upb.de\"> Prof. Ulrich Hilleringmann<\/a> (U. Paderborn),<br \/>\n<a href=\"http:\/\/www.fernuni-hagen.de\/LGBE\/\"> Dr. Reinhart Job<\/a> (FH M\u00fcnster),<br \/>\n<a href=\"http:\/\/www.fernuni-hagen.de\"> Prof. Igor Khorunzhii<\/a> (FU Hagen),<br \/>\nDr. Harald Barkam<\/p>\n<p>Weitere Mitglieder:<\/p>\n<p>Dr. Jan Meijer (U. Leipzig),<br \/>\nDr.-Ing. Remigius Poloczek (FH Dortmund),<br \/>\nJennifer Dutin\u00e9, MSc. (ELMOS Semiconductor AG)<\/p>\n","protected":false},"excerpt":{"rendered":"<p>Mitgliederversammlung des Nanotechnologie-Verbundes NRW am 13. April 2018 Auf dem Foto sind von links nach rechts zu sehen: Prof. Klaus Kallis (TU-Dortmund), Dr. Evelyn Drabiniok (TU-Dortmund\/ FH-M\u00fcnster) Prof. J\u00f6rg Lindner (U. Paderborn) Dr. Bernd Burchard (ELMOS Semiconductor AG) Prof. Peter &hellip; <a href=\"https:\/\/nanotech-nrw.de\/?page_id=89\">Weiterlesen <span class=\"meta-nav\">&rarr;<\/span><\/a><\/p>\n","protected":false},"author":3,"featured_media":0,"parent":0,"menu_order":0,"comment_status":"closed","ping_status":"closed","template":"","meta":{"footnotes":""},"class_list":["post-89","page","type-page","status-publish","hentry"],"_links":{"self":[{"href":"https:\/\/nanotech-nrw.de\/index.php?rest_route=\/wp\/v2\/pages\/89","targetHints":{"allow":["GET"]}}],"collection":[{"href":"https:\/\/nanotech-nrw.de\/index.php?rest_route=\/wp\/v2\/pages"}],"about":[{"href":"https:\/\/nanotech-nrw.de\/index.php?rest_route=\/wp\/v2\/types\/page"}],"author":[{"embeddable":true,"href":"https:\/\/nanotech-nrw.de\/index.php?rest_route=\/wp\/v2\/users\/3"}],"replies":[{"embeddable":true,"href":"https:\/\/nanotech-nrw.de\/index.php?rest_route=%2Fwp%2Fv2%2Fcomments&post=89"}],"version-history":[{"count":20,"href":"https:\/\/nanotech-nrw.de\/index.php?rest_route=\/wp\/v2\/pages\/89\/revisions"}],"predecessor-version":[{"id":489,"href":"https:\/\/nanotech-nrw.de\/index.php?rest_route=\/wp\/v2\/pages\/89\/revisions\/489"}],"wp:attachment":[{"href":"https:\/\/nanotech-nrw.de\/index.php?rest_route=%2Fwp%2Fv2%2Fmedia&parent=89"}],"curies":[{"name":"wp","href":"https:\/\/api.w.org\/{rel}","templated":true}]}}