{"id":98,"date":"2013-06-18T12:25:13","date_gmt":"2013-06-18T10:25:13","guid":{"rendered":"http:\/\/wihmo.de\/nanotech\/?page_id=98"},"modified":"2019-05-14T13:25:11","modified_gmt":"2019-05-14T11:25:11","slug":"vorstand-2","status":"publish","type":"page","link":"https:\/\/nanotech-nrw.de\/?page_id=98","title":{"rendered":"Vorstand"},"content":{"rendered":"<table align=\"center\">\n<tbody>\n<tr>\n<td align=\"right\">1.Vorsitzender:<\/td>\n<td><a href=\"https:\/\/www.fh-muenster.de\/fb2\/personen\/professoren\/gloesekoetter\/index.php\"> Prof. Dr.-Ing. Peter Gl\u00f6sek\u00f6tter<\/a><\/td>\n<\/tr>\n<tr>\n<td><\/td>\n<td>Fachhochschule M\u00fcnster<\/td>\n<\/tr>\n<tr>\n<td align=\"right\">e-mail:<\/td>\n<td><a href=\"mailto:peter.gloesekoetter@fh-muenster.de\">peter.gloesekoetter@fh-muenster.de<\/a><\/td>\n<\/tr>\n<\/tbody>\n<\/table>\n<table align=\"center\">\n<tbody>\n<tr>\n<td align=\"right\">2.Vorsitzende:<\/td>\n<td>Dr.-Ing. Cordula Zimmer<\/td>\n<\/tr>\n<tr>\n<td><\/td>\n<td>Ingenieur GmbH Schmidt &amp; Willmes<\/td>\n<\/tr>\n<tr>\n<td align=\"right\">e-mail:<\/td>\n<td>cordula.zimmer@tu-dortmund.de<\/td>\n<\/tr>\n<\/tbody>\n<\/table>\n","protected":false},"excerpt":{"rendered":"<p>1.Vorsitzender: Prof. Dr.-Ing. Peter Gl\u00f6sek\u00f6tter Fachhochschule M\u00fcnster e-mail: peter.gloesekoetter@fh-muenster.de 2.Vorsitzende: Dr.-Ing. Cordula Zimmer Ingenieur GmbH Schmidt &amp; Willmes e-mail: cordula.zimmer@tu-dortmund.de<\/p>\n","protected":false},"author":3,"featured_media":0,"parent":0,"menu_order":0,"comment_status":"closed","ping_status":"closed","template":"","meta":{"footnotes":""},"class_list":["post-98","page","type-page","status-publish","hentry"],"_links":{"self":[{"href":"https:\/\/nanotech-nrw.de\/index.php?rest_route=\/wp\/v2\/pages\/98","targetHints":{"allow":["GET"]}}],"collection":[{"href":"https:\/\/nanotech-nrw.de\/index.php?rest_route=\/wp\/v2\/pages"}],"about":[{"href":"https:\/\/nanotech-nrw.de\/index.php?rest_route=\/wp\/v2\/types\/page"}],"author":[{"embeddable":true,"href":"https:\/\/nanotech-nrw.de\/index.php?rest_route=\/wp\/v2\/users\/3"}],"replies":[{"embeddable":true,"href":"https:\/\/nanotech-nrw.de\/index.php?rest_route=%2Fwp%2Fv2%2Fcomments&post=98"}],"version-history":[{"count":20,"href":"https:\/\/nanotech-nrw.de\/index.php?rest_route=\/wp\/v2\/pages\/98\/revisions"}],"predecessor-version":[{"id":471,"href":"https:\/\/nanotech-nrw.de\/index.php?rest_route=\/wp\/v2\/pages\/98\/revisions\/471"}],"wp:attachment":[{"href":"https:\/\/nanotech-nrw.de\/index.php?rest_route=%2Fwp%2Fv2%2Fmedia&parent=98"}],"curies":[{"name":"wp","href":"https:\/\/api.w.org\/{rel}","templated":true}]}}